t g(j) = -j**3 + j**2 - 1. Let u(x) = k*t(x) + 6*g(x). Give u(2).
-3
Let g(o) = -8*o**2 + 2*o + 1. Let u be g(-1). Let f = -99 + 101. Let m(t) = 13*t + t**3 - 24*t + 2*t + 2 + 8*t**f. Give m(u).
2
Let x be (12 - 7) + (-4 - -1). Suppose -8*o = -11*o - 9. Let r be -2*(x + (-3 - o)). Let y(g) = -g**3 - 3*g**2 + 3*g - 1. What is y(r)?
3
Let p = 3 - 1. Let z be ((-16)/4 + 8)/(2 + 0). Let s(g) = 6*g**z + 3*g - 8*g**2 - 3 + 0*g**2. Calculate s(p).
-5
Let r(a) be the first derivative of -a**6/120 + a**5/60 + a**4/12 - a**3/6 + 7*a**2 - 2. Let y(p) be the second derivative of r(p). Determine y(-2).
7
Let z(q) = 5*q + 18. Let s be z(-4). Let d be 2 + ((-4)/2)/s. Let v(o) = -3*o + 4. Determine v(d).
-5
Let l be (-64)/(-6) - 4/(-12). Let o = -8 + l. Let d(x) = -5*x**2 - 2*x + 3. Let f(h) = 4*h**2 + 2*h - 2. Let c(j) = o*d(j) + 4*f(j). What is c(-1)?
0
Let j(t) be the first derivative of -t**6/360 + t**5/120 - 3*t**4/8 + 11*t**3/3 + 22. Let k(z) be the third derivative of j(z). Give k(0).
-9
Let n be (-28)/(-5) + (-15)/25. Let q(m) = 6 - m**2 + 2 + n*m + m - m. Suppose -3*d + 5*k + 23 = 0, 17 = -0*d + 3*d + k. What is q(d)?
2
Let d(g) be the second derivative of g**5/20 - g**4/4 - g**3/2 - 5*g. Let l(k) = -k**3 - 5*k**2 - 6*k - 4. Let h be 1*-4 + 0/(-3). Let c be l(h). Give d(c).
4
Let b(l) = -37*l**2 - 6*l - 27. Let k(d) = 35*d**2 + 7*d + 34. Let p(j) = -5*b(j) - 4*k(j). What is p(1)?
46
Let f(b) be the third derivative of -b**6/90 - b**4/12 - 5*b**2. Let x(n) be the second derivative of f(n). Determine x(-1).
8
Let f(k) = 4*k**2 - 2*k**2 - 6 + 0*k + 0*k + k**3 + 4*k. Let r(b) = -b**3 - 2*b**2 - 5*b + 7. Let i(y) = -7*f(y) - 6*r(y). What is i(-3)?
3
Suppose 1 = z - 5. Suppose -z*a + a = 0. Let n(w) = -2*w**2 + w + 8 - 2 + w**2 - 8. What is n(a)?
-2
Suppose -4*k + 85 = 5*n - 2*k, 0 = -4*n - 2*k + 68. Let l = -1 + n. Suppose 5*t - t + l = 0. Let m(u) = u + 2. Determine m(t).
-2
Let j(z) = -2*z + 69. Let a(y) = -y + 45. Let s(v) = 7*a(v) - 5*j(v). Give s(14).
12
Suppose 13 + 18 = 2*j - 5*l, -3*l = -3*j + 24. Let h(b) = b**2 + 2. What is h(j)?
11
Let f(n) be the first derivative of -n**4/4 + 4*n**3/3 - 3*n**2/2 + 4*n + 27. Give f(5).
-36
Suppose -2*i = -3*c + i, 3*c - 10 = i. Suppose 3*n = c*s - 3*s + 14, 0 = 4*n + 5*s - 11. Let f(u) = -4*u - 7 - u + 6*u**2 + n - u**3. Give f(5).
-3
Suppose -4*c = 15*l - 10*l - 66, -63 = -3*c + 3*l. Suppose c - 107 = 11*y. Let k(i) = -i**2 - 7*i + 6. What is k(y)?
-2
Let q(d) = 2*d - d**2 - 56 + 8*d + 66. Give q(8).
26
Suppose 0*r = 4*r. Suppose 4*n - 7*n = r. Let z(q) = q**2 + 4*q + 10. Let s(v) = v**2 + 5*v + 11. Let k(u) = 3*s(u) - 4*z(u). Calculate k(n).
-7
Let a = 2 - 8. Let q(o) = o**3 + 6*o + 0*o**3 + 565 + 116*o**2 - 109*o**2 - 567. Give q(a).
-2
Let x(a) = 9*a**2 - 2*a - 1. Let u be x(-1). Suppose -y = y - u. Suppose 21 - y = -4*d - m, -d = 2*m + 11. Let k(p) = p**3 + 2*p**2 - 4. Determine k(d).
-13
Let q be 10/(-35) + (-102)/(-14). Suppose 0 = -q*p + 3*p - 16. Let n(c) = -c**2 - 5*c + 1. Calculate n(p).
5
Let r(o) = -2*o - 23. Let n(t) = 1 + 21 + 3*t + 13. Let b(f) = 5*n(f) + 7*r(f). Let c be (0 + -1)/(87/(-18) + 5). Give b(c).
8
Let f(b) = -b**2 - 3. Suppose -7*m + 633 = 661. Calculate f(m).
-19
Let h(a) = -a**2 + 8*a - 4. Let x(v) = v**2 - 10*v + 14. Let j be x(9). Calculate h(j).
11
Suppose -4*l = -7 - 1. Let p(k) be the third derivative of -k**4/24 + k**3/6 + 2*k**2. Let h(v) = -v + 1. Let s(j) = l*p(j) - h(j). What is s(3)?
-2
Let g = 1404 - 1417. Let i(f) = -f**2 - 13*f - 2. Give i(g).
-2
Let v be (-1)/(5/40)*-2. Let p(w) = -3*w + 51. Let b be p(v). Let z(n) = -2*n**3 + 4*n**2 + n. Determine z(b).
-15
Let a(n) = n**3 - 3*n**2 - 3*n - 1. Let z = 11 - 24. Let d(h) = -h**2 - 15*h - 22. Let f be d(z). What is a(f)?
3
Let o be (-2 + 3)*(-14 - (0 - 9)). Let t(u) be the second derivative of -u**4/12 - 7*u**3/6 - 7*u**2/2 + 3*u. Determine t(o).
3
Let y(i) be the second derivative of 0 + i - 1/2*i**2 - 1/6*i**3. Calculate y(-4).
3
Let v = 13 + -20. Let i(z) = 2*z - 10. Let x(f) = 5*f - 20. Let m(n) = -7*i(n) + 3*x(n). What is m(v)?
3
Let a(s) = s**2 + s + 2. Suppose 2*v + 0*v + 2*v = 0. Suppose 4*d - 4*z + 4 = 0, v = 5*d - 3*z + 7 - 4. Calculate a(d).
2
Let l(j) = j**3 - 6*j + 648*j**2 + 650*j**2 - 1958*j**2 - 7 + 656*j**2. Give l(6).
29
Let m(s) be the second derivative of 1/20*s**5 - 1/720*s**6 + 0*s**2 + 3*s - 5/12*s**4 + 0*s**3 + 0. Let q(z) be the third derivative of m(z). Give q(5).
1
Let c(r) be the first derivative of -r**4/4 + 10*r**3/3 + 5*r**2 + 13*r - 4. Let q be c(11). Let p(z) = 3 + 6*z**3 - q - z**3. What is p(1)?
6
Let y(p) = p**2 + 6*p + 5. Suppose -76 = 9*t + 10*t. Determine y(t).
-3
Suppose 35 = k - 6*k. Let a(m) = -m**2 - 6*m + 3. Let y be a(k). Let n(u) = u**3 + 6*u**2 + 6*u + 1. Give n(y).
9
Let v(r) = 16*r**2 + 6*r + 17*r**2 - 5*r - 32*r**2 + 6*r. Give v(-3).
-12
Suppose 0 = -0*i - 4*i + 5*y - 20, i + y + 14 = 0. Let x be (i/3 - -2) + 3/9. Let h(n) = 14*n**3 - 1. Determine h(x).
-15
Let w(g) = -g**2 - 5*g + 10. Let p = 795 - 802. What is w(p)?
-4
Suppose -15 = -7*i - 43. Let n(r) = -3*r**3 + 3*r**2 - 5*r - 1. Let v(w) = -w**3 - w**2 + w. Let p(x) = i*v(x) + n(x). Calculate p(-8).
7
Let i(h) be the first derivative of 13*h**3/3 - h**2/2 - h - 76. Give i(-1).
13
Let r(y) be the first derivative of -y**2 - 2*y + 5. Let f = 14 - 12. Let d be (-2 - f)*(-4)/8. What is r(d)?
-6
Suppose -15*f = -10*f - 25. Let z(g) be the second derivative of -g**3/6 + 3*g**2 - 15*g. Calculate z(f).
1
Suppose -5*p - 19 = 2*r + r, -4*p + 3*r + 1 = 0. Let w be 1 + p - 2 - (4 - 2). Let q(g) = 1 - g**3 - 8*g + g**2 - 4 - 7*g**2. Give q(w).
12
Let w(j) = -3 + 4*j - 19*j**2 + 35*j**2 - 18*j**2. What is w(2)?
-3
Let g(v) = -2*v**3 - 38*v**2 - 27*v + 35. Let z(n) = -n**3 - 18*n**2 - 13*n + 17. Let w(i) = 2*g(i) - 5*z(i). What is w(-13)?
11
Let h(r) be the second derivative of r**4/12 - r**3 + r**2/2 + 21*r. Let a(t) = t**2 - 6*t - 3. Let i(s) = -s. Let z be i(-7). Let k be a(z). Calculate h(k).
-7
Let d(s) = s**2 + 4*s - 1. Suppose -3*m + 6*m = 420. Let n be ((-6)/4)/(21/m). Let i be 6/(-15) - (-26)/n. Calculate d(i).
-4
Suppose -20 + 62 = -2*g. Let s be g/5 - (-68)/(-85). Let t(a) = -5*a - 1. Determine t(s).
24
Let h(c) = -1. Suppose -2*v = -48 + 52. Let x(b) = b - 8. Let l(p) = v*x(p) + 14*h(p). What is l(-2)?
6
Let f(h) = h**3 - h**2 - 3*h + 4. Let o be (232/38 - 6) + 165/57. Calculate f(o).
13
Let w(d) = -d**2 + d + 7. Let f = -564 + 564. Give w(f).
7
Let v(y) = y**3 - 6*y**2 + 3*y - 8. Let j(l) = 15*l**2 + 2*l + 1. Let u be j(-1). Let f(k) = 2*k. Let o be f(4). Let g = u - o. Determine v(g).
10
Let g(c) = -c**3 - 11*c**2 - 11*c - 3. Let d = 104 + -114. Determine g(d).
7
Let i = 8 - 2. Let p(o) = 4*o**2 + 8*o + 5. Let s(x) = -3*x**2 - 5*x - 1. Let n(q) = 1. Let t(w) = 2*n(w) - s(w). Let b(v) = 5*p(v) - 7*t(v). Determine b(i).
-2
Let c be (304/(-28) + 10)/(2/14). Let h(q) = 11*q - 1. Determine h(c).
-67
Let g(h) = 8*h - 9*h - 6 - 11*h. Let i(u) = 11*u + 5. Let r(n) = 3*n + 43. Let b be r(-16). Let v(z) = b*g(z) - 6*i(z). Determine v(-2).
12
Let f = 61 - 63. Let b(h) = h**3 + 3*h**2 + 4*h + 3. Let i be b(f). Let q(c) = -3*c**2 + 2*c + 1. Calculate q(i).
-4
Let i(p) = -7*p + p**2 - 2*p + 4*p + 10*p. What is i(-4)?
-4
Let v(m) = 10*m + 1 - 7*m + 6*m - 2*m. Determine v(3).
22
Let y(l) = -4*l**2 - 8*l + 3. Let i(t) = -2*t**2 - 3 + 1 + 4*t + 4*t**2. Let d(m) = 7*i(m) + 4*y(m). Let z = -4 - -1. Calculate d(z).
-8
Let v(w) = -w**2 - 16*w + 1. Suppose 68 = -12*t - 88. Determine v(t).
40
Let k(a) = -a - 1. Let p be 3/30 + (-245)/(-50). What is k(p)?
-6
Let z(c) = 5*c**3 - 28*c**2 - 9*c + 25. Let r(g) = -3*g**3 + 18*g**2 + 5*g - 16. Let h(y) = -8*r(y) - 5*z(y). Let o = -14 + 24. Let s = o + -15. What is h(s)?
3
Suppose -5 - 19 = -4*g. Let b(d) = d**3 - 7*d**2 + 6*d - 9. What is b(g)?
-9
Suppose 0*m - 5*m + 5 = 0. Suppose 5 = -h + m. Let g(z) = -5 + 4*z - 5*z + 0. Give g(h).
-1
Suppose 3*g - 22 = d - 40, -3*d + 34 = -5*g. Let j(s) = s**3 + 3*s**2 - 5*s + 1. Determine j(g).
-24
Let c(r) = -3*r**2 + 2*r**2 + 0*r - r - 83 + 170 - 54. Calculate c(0).
33
Let p(n) = n - 5. Let r be p(6). Let l(f) = -4*f**2 - f - 31. Let o(h) = 14*h**2 + 2*h + 83. Let a(x) = -8*l(x) - 3*o(x). Calculate a(r).
-9
Let u = -4 - -8. Suppose u*b = b - 15. Let o(